{"id":67209,"date":"2021-03-31T23:41:33","date_gmt":"2021-03-31T21:41:33","guid":{"rendered":"http:\/\/spektrumweb.pl\/?post_type=product&#038;p=67209"},"modified":"2026-04-06T16:41:26","modified_gmt":"2026-04-06T14:41:26","slug":"pospay-3w1-kasy-drukarka-i-terminala-platniczy","status":"publish","type":"product","link":"https:\/\/spektrumweb.pl\/index.php\/produkt\/pospay-3w1-kasy-drukarka-i-terminala-platniczy\/","title":{"rendered":"POSNET Pospay2 ONLINE"},"content":{"rendered":"<p>&nbsp;<\/p>\n<div class=\"trait_item\">\n<div class=\"trait_foto\"><img decoding=\"async\" class=\"alignleft\" src=\"https:\/\/www.posnet.com.pl\/files\/products_traits\/frontend\/funkcja-online.png\" alt=\"\"><\/div>\n<div class=\"trait_content\">\n<div class=\"trait_title\"><strong>ONLINE<\/strong><\/div>\n<div class=\"trait_desc\">\n<p>Urz\u0105dzenie fiskalne komunikuje si\u0119 z&nbsp;Centralnym Rejestrem Kas (CRK, inaczej Repozytorium). Zgodnie z&nbsp;wymaganiami CRK urz\u0105dzenie przesy\u0142a szereg danych, m. in.: raporty dobowe, paragony fiskalne, dokumenty niefiskalne, zdarzenia a&nbsp;tak\u017ce informacje o&nbsp;dokonanych przegl\u0105dach okresowych.<\/p>\n<\/div>\n<\/div>\n<div class=\"clr\">&nbsp;<\/div>\n<\/div>\n<div class=\"trait_item\">\n<div class=\"trait_foto\"><img decoding=\"async\" class=\"alignleft\" src=\"https:\/\/www.posnet.com.pl\/files\/products_traits\/frontend\/-ikona-android.png\" alt=\"\"><\/div>\n<div class=\"trait_content\">\n<div class=\"trait_title\"><strong>System Android<\/strong><\/div>\n<div class=\"trait_desc\">\n<p>System Android, w&nbsp;oparciu o&nbsp;kt\u00f3ry dzia\u0142a Pospay2, jest specjalnie zoptymalizowany pod k\u0105tem pracy na terminalu Pax A50.&nbsp;Dzi\u0119ki temu zainstalowane oprogramowanie sprzeda\u017cowe&nbsp;dzia\u0142a szybko i&nbsp;stabilnie.<\/p>\n<\/div>\n<\/div>\n<div class=\"clr\">&nbsp;<\/div>\n<\/div>\n<div class=\"trait_item\">\n<div class=\"trait_foto\"><img decoding=\"async\" class=\"alignleft\" src=\"https:\/\/www.posnet.com.pl\/files\/products_traits\/frontend\/vero-eparagon-v3.png\" alt=\"\"><\/div>\n<div class=\"trait_content\">\n<div class=\"trait_title\"><strong>E-paragon<\/strong><\/div>\n<div class=\"trait_desc\">\n<p>Produkt spe\u0142nia wymagania techniczne konieczne do obs\u0142ugi e-paragon\u00f3w. Urz\u0105dzenie przeka\u017ce go klientowi po po\u0142\u0105czeniu z&nbsp;odpowiednim systemem dystrybucji e-paragon\u00f3w. Warunkiem takiej operacji jest rezygnacja klienta z&nbsp;fizycznego paragonu.<\/p>\n<\/div>\n<\/div>\n<div class=\"clr\">&nbsp;<\/div>\n<\/div>\n<div class=\"trait_item\">\n<div class=\"trait_foto\"><img decoding=\"async\" class=\"alignleft\" src=\"https:\/\/www.posnet.com.pl\/files\/products_traits\/frontend\/w-dobrej-cenie.png\" alt=\"\"><\/div>\n<div class=\"trait_content\">\n<div class=\"trait_title\"><strong>W dobrej cenie<\/strong><\/div>\n<div class=\"trait_desc\">\n<p>Oferujemy dobre urz\u0105dzenie w&nbsp;atrakcyjnej cenie dla klienta.<\/p>\n<\/div>\n<\/div>\n<div class=\"clr\">&nbsp;<\/div>\n<\/div>\n<div class=\"trait_item\">\n<div class=\"trait_foto\"><img decoding=\"async\" class=\"alignleft\" src=\"https:\/\/www.posnet.com.pl\/files\/products_traits\/frontend\/czytelny-wyswietlacz.png\" alt=\"\"><\/div>\n<div class=\"trait_content\">\n<div class=\"trait_title\"><strong>Czytelny wy\u015bwietlacz<\/strong><\/div>\n<div class=\"trait_desc\">\n<p>Posiada czytelne wy\u015bwietlacze z&nbsp;du\u017c\u0105 i&nbsp;wyra\u017an\u0105 czcionk\u0105 po stronie sprzedawcy i&nbsp;klienta. Przyjazne dla oka kolory nie m\u0119cz\u0105 wzroku podczas wielogodzinnej pracy.<\/p>\n<\/div>\n<\/div>\n<div class=\"clr\">&nbsp;<\/div>\n<\/div>\n<div class=\"trait_item\">\n<div class=\"trait_foto\"><img decoding=\"async\" class=\"alignleft\" src=\"https:\/\/www.posnet.com.pl\/files\/products_traits\/frontend\/komunikacja-bezprzewodowa.png\" alt=\"\"><\/div>\n<div class=\"trait_content\">\n<div class=\"trait_title\"><strong>Komunikacja bezprzewodowa<\/strong><\/div>\n<div class=\"trait_desc\">\n<p>Urz\u0105dzenie posiada interfejsy do komunikacji bezprzewodowej. W&nbsp;zale\u017cno\u015bci od wersji: WiFi lub&nbsp;modem GPRS\/LTE<\/p>\n<\/div>\n<\/div>\n<div class=\"clr\">&nbsp;<\/div>\n<\/div>\n<div class=\"trait_item\">\n<div class=\"trait_foto\"><img decoding=\"async\" class=\"alignleft\" src=\"https:\/\/www.posnet.com.pl\/files\/products_traits\/frontend\/mala-i-moblina.png\" alt=\"\"><\/div>\n<div class=\"trait_content\">\n<div class=\"trait_title\"><strong>Ma\u0142a i mobilna<\/strong><\/div>\n<div class=\"trait_desc\">\n<p>Urz\u0105dzenie mobline o&nbsp;wyj\u0105tkowo ma\u0142ych gabarytach i&nbsp;wadze.<\/p>\n<\/div>\n<\/div>\n<div class=\"clr\">&nbsp;<\/div>\n<\/div>\n<div class=\"trait_item\">\n<div class=\"trait_foto\"><img decoding=\"async\" class=\"alignleft\" src=\"https:\/\/www.posnet.com.pl\/files\/products_traits\/frontend\/mechanizm-drukujacy-drop.png\" alt=\"\"><\/div>\n<div class=\"trait_content\">\n<div class=\"trait_title\"><strong>Mechanizm drukuj\u0105cy \u201ewrzu\u0107 i drukuj\u201d<\/strong><\/div>\n<div class=\"trait_desc\">\n<p>System szybkiej wymiany papieru \u201edrop-in &#8211; wrzu\u0107 i&nbsp;drukuj\u201d gwarantuje \u0142atw\u0105 obs\u0142ug\u0119 i&nbsp;wydajn\u0105 prac\u0119.<\/p>\n<\/div>\n<\/div>\n<div class=\"clr\">&nbsp;<\/div>\n<\/div>\n<div class=\"trait_item\">\n<div class=\"trait_foto\"><img decoding=\"async\" class=\"alignleft\" src=\"https:\/\/www.posnet.com.pl\/files\/products_traits\/frontend\/-tryb-kasa-druk.png\" alt=\"\"><\/div>\n<div class=\"trait_content\">\n<div class=\"trait_title\"><strong>Tryby pracy<\/strong><\/div>\n<div class=\"trait_desc\">\n<p>Dwa tryby pracy &#8211; drukarkowy \/ kasowy<\/p>\n<\/div>\n<\/div>\n<\/div>\n","protected":false},"excerpt":{"rendered":"<p style=\"text-align: justify;\">Pospay2 ONLINE \u0142\u0105czy&nbsp;w sobie funkcjonalno\u015bci kasy, drukarki fiskalnej i&nbsp;terminala p\u0142atniczego. Nale\u017cy do rodzin urz\u0105dze\u0144&nbsp;SAIO, kt\u00f3re s\u0105 skonstruowane&nbsp;zgodnie z&nbsp;filozofi\u0105 &#8222;All in One&#8221;.&nbsp;Pospay2 ONLINE to wygoda, mobilno\u015b\u0107, multizadaniowo\u015b\u0107 i&nbsp;mo\u017cliwo\u015b\u0107 p\u0142atno\u015bci wszystkimi rodzajami kart p\u0142atniczych.<\/p>\n","protected":false},"featured_media":67403,"comment_status":"closed","ping_status":"closed","template":"","meta":{"ngg_post_thumbnail":0},"product_brand":[],"product_cat":[24],"product_tag":[],"class_list":{"0":"post-67209","1":"product","2":"type-product","3":"status-publish","4":"has-post-thumbnail","6":"product_cat-bez-kategorii","8":"first","9":"instock","10":"taxable","11":"shipping-taxable","12":"purchasable","13":"product-type-simple"},"_links":{"self":[{"href":"https:\/\/spektrumweb.pl\/index.php\/wp-json\/wp\/v2\/product\/67209","targetHints":{"allow":["GET"]}}],"collection":[{"href":"https:\/\/spektrumweb.pl\/index.php\/wp-json\/wp\/v2\/product"}],"about":[{"href":"https:\/\/spektrumweb.pl\/index.php\/wp-json\/wp\/v2\/types\/product"}],"replies":[{"embeddable":true,"href":"https:\/\/spektrumweb.pl\/index.php\/wp-json\/wp\/v2\/comments?post=67209"}],"wp:featuredmedia":[{"embeddable":true,"href":"https:\/\/spektrumweb.pl\/index.php\/wp-json\/wp\/v2\/media\/67403"}],"wp:attachment":[{"href":"https:\/\/spektrumweb.pl\/index.php\/wp-json\/wp\/v2\/media?parent=67209"}],"wp:term":[{"taxonomy":"product_brand","embeddable":true,"href":"https:\/\/spektrumweb.pl\/index.php\/wp-json\/wp\/v2\/product_brand?post=67209"},{"taxonomy":"product_cat","embeddable":true,"href":"https:\/\/spektrumweb.pl\/index.php\/wp-json\/wp\/v2\/product_cat?post=67209"},{"taxonomy":"product_tag","embeddable":true,"href":"https:\/\/spektrumweb.pl\/index.php\/wp-json\/wp\/v2\/product_tag?post=67209"}],"curies":[{"name":"wp","href":"https:\/\/api.w.org\/{rel}","templated":true}]}}