{"id":67506,"date":"2026-04-06T16:25:36","date_gmt":"2026-04-06T14:25:36","guid":{"rendered":"https:\/\/spektrumweb.pl\/?post_type=product&#038;p=67506"},"modified":"2026-04-06T16:40:17","modified_gmt":"2026-04-06T14:40:17","slug":"67506","status":"publish","type":"product","link":"https:\/\/spektrumweb.pl\/index.php\/produkt\/67506\/","title":{"rendered":"Skaner kod\u00f3w kreskowych FAWAGscan"},"content":{"rendered":"<div class=\"product_description_left\">\n<div class=\"product_description_foto\"><img decoding=\"async\" class=\"alignleft\" src=\"https:\/\/www.posnet.com.pl\/files\/products_descriptions\/619\/frontend\/fawagscan-odczyt-z-telefonu-a.jpg\" alt=\"\" data-parallax=\"{ &quot;x&quot;: 50, &quot;smoothness&quot;: 10 }\" data-parallax2=\"{ &quot;x&quot;: 0, &quot;smoothness&quot;: 10 }\"><\/div>\n<div class=\"product_description\">\n<h3>Odczyt kod\u00f3w z\u0142ej jako\u015bci oraz kod\u00f3w z&nbsp;telefonu<\/h3>\n<p>Dzi\u0119ki wysokiej jako\u015bci modu\u0142owi skanuj\u0105cemu FAWAGscan &#8222;czyta&#8221;&nbsp;kody kreskowe i&nbsp;kody 2d w&nbsp;zasi\u0119gu do 32 cm.&nbsp;Skaner odczytuje r\u00f3wnie\u017c kody z\u0142ej jako\u015bci. FAWAGscan ma tak\u017ce&nbsp;mo\u017cliwo\u015b\u0107 odczytu kod\u00f3w wy\u015bwietlanych na ekranie telefon\u00f3w, co jest &nbsp;pomocne&nbsp;przy odczycie kart lojalno\u015bciowych z&nbsp;aplikacji w&nbsp;telefonie.<\/p>\n<\/div>\n<div class=\"clr\">&nbsp;<\/div>\n<\/div>\n<div class=\"product_description_right\">\n<div class=\"product_description\">\n<h3>Wytrzyma\u0142o\u015b\u0107<\/h3>\n<p><img decoding=\"async\" class=\"alignright\" src=\"https:\/\/www.posnet.com.pl\/files\/products_descriptions\/619\/frontend\/fawagscan-wytrzymalosc-a.jpg\" alt=\"\" data-parallax=\"{ &quot;x&quot;: -50, &quot;smoothness&quot;: 10 }\" data-parallax2=\"{ &quot;x&quot;: 0, &quot;smoothness&quot;: 10 }\">FAWAGscan&nbsp;&nbsp;ma mocn\u0105 i&nbsp;wytrzyma\u0142\u0105 obudow\u0119 wykonan\u0105 z&nbsp;tworzywa ABS +PC. Dzi\u0119ki temu skaner jest odporny na uderzenia, potr\u0105cenia oraz upadki z&nbsp;wysoko\u015bci do 3 metr\u00f3w.&nbsp;To sprawia, \u017ce FAWAGscan znakomicie sprawdza si\u0119 w&nbsp;ka\u017cdych warunkach pracy.<\/p>\n<\/div>\n<div class=\"clr\">&nbsp;<\/div>\n<\/div>\n<div class=\"product_description_left\">\n<div class=\"product_description_foto\"><img decoding=\"async\" class=\"alignleft\" src=\"https:\/\/www.posnet.com.pl\/files\/products_descriptions\/619\/frontend\/fawagscan-skanowanie-a.jpg\" alt=\"\" data-parallax=\"{ &quot;x&quot;: 50, &quot;smoothness&quot;: 10 }\" data-parallax2=\"{ &quot;x&quot;: 0, &quot;smoothness&quot;: 10 }\"><\/div>\n<div class=\"product_description\">\n<h3>R\u0119czne i&nbsp;automatyczne skanowanie<\/h3>\n<p>FAWAGscan&nbsp;oferuje r\u0119czne i&nbsp;automatyczne skanowanie. Mo\u017cesz skanowa\u0107 produkty z&nbsp;kodem kreskowym czy kodem 2d trzymaj\u0105c skaner w&nbsp;d\u0142oni, jak r\u00f3wnie\u017c, kiedy jest taka potrzeba zeskanowa\u0107 produkt, kiedy FAWAGscan&nbsp;umieszczony jest na podstawce.<\/p>\n<\/div>\n<div class=\"clr\">&nbsp;<\/div>\n<\/div>\n<div class=\"product_description_right\">\n<div class=\"product_description\">\n<h3>Precyzyjne celowanie<\/h3>\n<p><img decoding=\"async\" class=\"alignright\" src=\"https:\/\/www.posnet.com.pl\/files\/products_descriptions\/619\/frontend\/fawagscan-celowanie-a.jpg\" alt=\"\" data-parallax=\"{ &quot;x&quot;: -50, &quot;smoothness&quot;: 10 }\" data-parallax2=\"{ &quot;x&quot;: 0, &quot;smoothness&quot;: 10 }\">Nowoczesna technologia w&nbsp;skanerze gwarantuje odczyt kodu niezale\u017cnie pod jakim k\u0105tem skierujemy Fawag Scan w&nbsp;stron\u0119 produktu, na kt\u00f3rym jest umieszczony kod kreskowy czy QR. To zapewnia du\u017c\u0105 efektywno\u015b\u0107 dzia\u0142a\u0144 nawet w&nbsp;trudnych warunkach pracy.<\/p>\n<\/div>\n<div class=\"clr\">&nbsp;<\/div>\n<\/div>\n<div class=\"product_description_left\">\n<div class=\"product_description_foto\"><img decoding=\"async\" class=\"alignleft\" src=\"https:\/\/www.posnet.com.pl\/files\/products_descriptions\/619\/frontend\/fawagscan-podstawka-a.jpg\" alt=\"\" data-parallax=\"{ &quot;x&quot;: 50, &quot;smoothness&quot;: 10 }\" data-parallax2=\"{ &quot;x&quot;: 0, &quot;smoothness&quot;: 10 }\"><\/div>\n<div class=\"product_description\">\n<h3>Elastyczna podstawka<\/h3>\n<p>Do FAWAGscan do\u0142\u0105czona jest elastyczna podstawka. Dzi\u0119ki temu urz\u0105dzenie \u0142atwiej wkomponujesz w&nbsp;przestrze\u0144 stanowiska kasowego. Podstawk\u0119, dla wi\u0119kszej stabilno\u015bci pracy mo\u017cesz w&nbsp;prosty spos\u00f3b przykr\u0119ci\u0107 do pod\u0142o\u017ca. To zapewnia wi\u0119ksz\u0105 wydajno\u015b\u0107 podczas pracy z&nbsp;FAWAGscan.<\/p>\n<\/div>\n<div class=\"clr\">&nbsp;<\/div>\n<\/div>\n<div class=\"product_description_right\">\n<div class=\"product_description\">\n<h3>Komfort u\u017cytkowania<\/h3>\n<p><img decoding=\"async\" class=\"alignright\" src=\"https:\/\/www.posnet.com.pl\/files\/products_descriptions\/619\/frontend\/fawagscan-komfort-a.jpg\" alt=\"\" data-parallax=\"{ &quot;x&quot;: -50, &quot;smoothness&quot;: 10 }\" data-parallax2=\"{ &quot;x&quot;: 0, &quot;smoothness&quot;: 10 }\">Korzystania z&nbsp;FAWAGscan jest komfortowe i&nbsp;wygodne. Zapewnia to znakomicie dopasowany do d\u0142oni kszta\u0142t urz\u0105dzenia, wygodny spust skanera, jak i&nbsp;\u0142atwo\u015b\u0107 wyci\u0105gania kabla z&nbsp;urz\u0105dzenia. W&nbsp;przeciwie\u0144stwie do innych skaner\u00f3w nie trzeba posi\u0142kowa\u0107 si\u0119 dodatkowym narz\u0119dziem, \u017ceby wyci\u0105gn\u0105\u0107 kabel z&nbsp;FAWAGscan.<\/p>\n<\/div>\n<div class=\"clr\">&nbsp;<\/div>\n<\/div>\n<div class=\"product_description_text\">\n<div class=\"product_description\">\n<h3>Ekosystem z&nbsp;urz\u0105dzeniami Fawag<\/h3>\n<p>Cho\u0107 FAWAGscan doskonale wsp\u00f3\u0142pracuje z&nbsp;ka\u017cdym urz\u0105dzeniem fiskalnym, szczeg\u00f3lnie polecamy u\u017cytkowanie skanera razem z&nbsp;kas\u0105 Fawag lite oraz drukark\u0105 Fawag box. Ze wzgl\u0119du na wsp\u00f3lny brand i&nbsp;podobn\u0105 metodyk\u0119 produkcyjn\u0105 urz\u0105dzenia tworz\u0105 kompleksow\u0105 ca\u0142o\u015b\u0107 i&nbsp;\u015bwietnie dzia\u0142aj\u0105cy ekosystem fiskalny.<\/p>\n<\/div>\n<div class=\"clr\">&nbsp;<\/div>\n<\/div>\n<div class=\"product_description_image\">\n<div class=\"product_description_foto\"><img decoding=\"async\" src=\"https:\/\/www.posnet.com.pl\/files\/products_descriptions\/619\/fawagscan-ekosystem-a.jpg\" alt=\"\"><\/div>\n<\/div>\n<div class=\"product_description_right\">\n<div class=\"product_description\">\n<h3>Gotowy do pracy<\/h3>\n<p>FAWAG<\/p>\n<p><img decoding=\"async\" class=\"alignright\" src=\"https:\/\/www.posnet.com.pl\/files\/products_descriptions\/619\/frontend\/fawagscan-gotowy-do-pracy-a.jpg\" alt=\"\" data-parallax=\"{ &quot;x&quot;: -50, &quot;smoothness&quot;: 10 }\" data-parallax2=\"{ &quot;x&quot;: 0, &quot;smoothness&quot;: 10 }\">scan jest gotowy do pracy natychmiast po wyci\u0105gni\u0119ciu z&nbsp;pude\u0142ka. Skaner&nbsp;nie potrzebuje \u017cadnych dodatkowych integracji z&nbsp;urz\u0105dzeniami z&nbsp;k\u00f3rymi wsp\u00f3\u0142pracuje, \u017ceby rozpocz\u0105\u0107 skanowanie produkt\u00f3w. Dla u\u017cytkownika to znacz\u0105ce u\u0142atwienie w&nbsp;pracy.<\/p>\n<\/div>\n<div class=\"clr\">&nbsp;<\/div>\n<\/div>\n<div class=\"product_description_left\">\n<div class=\"product_description_foto\"><img loading=\"lazy\" decoding=\"async\" class=\"alignleft\" src=\"https:\/\/www.posnet.com.pl\/files\/products_descriptions\/619\/frontend\/fawagscan-branze-a.jpg\" alt=\"\" width=\"393\" height=\"236\" data-parallax=\"{ &quot;x&quot;: 50, &quot;smoothness&quot;: 10 }\" data-parallax2=\"{ &quot;x&quot;: 0, &quot;smoothness&quot;: 10 }\"><\/div>\n<div class=\"product_description\">\n<h3>Dla jakich bran\u017c?<\/h3>\n<p>FAWAGscan, ze wzgl\u0119du na to, \u017ce mo\u017ce pracowa\u0107 w&nbsp;bardzo szerokim zakresie temperatur od -20\u2103 do 60\u2103 jest przeznaczony dla takich bran\u017c jak:<\/p>\n<ul>\n<li style=\"text-align: left;\">retail<\/li>\n<li style=\"text-align: left;\">sprzeda\u017c wewn\u0105trz i&nbsp;na zewn\u0105trz<\/li>\n<li style=\"text-align: left;\">lekka produkcja<\/li>\n<li style=\"text-align: left;\">administracja publiczna&nbsp;banki<\/li>\n<li style=\"text-align: left;\">HoReCa.<\/li>\n<\/ul>\n<\/div>\n<\/div>\n","protected":false},"excerpt":{"rendered":"<p style=\"text-align: justify;\">To pierwszy skaner w&nbsp;ofercie FAWAG S.A. Urz\u0105dzenie jest uzupe\u0142nieniem oferty FAWAG S.A. dla klient\u00f3w ko\u0144cowych, kt\u00f3rzy korzystaj\u0105 z&nbsp;urz\u0105dze\u0144&nbsp;fiskalnych&nbsp;i wagowych&nbsp;tej marki. FAWAGscan to nowoczesny i&nbsp;wydajny skaner w&nbsp;atrakcyjnej cenie, przeznaczony dla wielu bran\u017c.<\/p>\n","protected":false},"featured_media":67517,"comment_status":"closed","ping_status":"closed","template":"","meta":{"ngg_post_thumbnail":0},"product_brand":[],"product_cat":[53],"product_tag":[],"class_list":{"0":"post-67506","1":"product","2":"type-product","3":"status-publish","4":"has-post-thumbnail","6":"product_cat-skanery-kodw-kreskowych","8":"first","9":"instock","10":"sale","11":"taxable","12":"shipping-taxable","13":"purchasable","14":"product-type-simple"},"_links":{"self":[{"href":"https:\/\/spektrumweb.pl\/index.php\/wp-json\/wp\/v2\/product\/67506","targetHints":{"allow":["GET"]}}],"collection":[{"href":"https:\/\/spektrumweb.pl\/index.php\/wp-json\/wp\/v2\/product"}],"about":[{"href":"https:\/\/spektrumweb.pl\/index.php\/wp-json\/wp\/v2\/types\/product"}],"replies":[{"embeddable":true,"href":"https:\/\/spektrumweb.pl\/index.php\/wp-json\/wp\/v2\/comments?post=67506"}],"wp:featuredmedia":[{"embeddable":true,"href":"https:\/\/spektrumweb.pl\/index.php\/wp-json\/wp\/v2\/media\/67517"}],"wp:attachment":[{"href":"https:\/\/spektrumweb.pl\/index.php\/wp-json\/wp\/v2\/media?parent=67506"}],"wp:term":[{"taxonomy":"product_brand","embeddable":true,"href":"https:\/\/spektrumweb.pl\/index.php\/wp-json\/wp\/v2\/product_brand?post=67506"},{"taxonomy":"product_cat","embeddable":true,"href":"https:\/\/spektrumweb.pl\/index.php\/wp-json\/wp\/v2\/product_cat?post=67506"},{"taxonomy":"product_tag","embeddable":true,"href":"https:\/\/spektrumweb.pl\/index.php\/wp-json\/wp\/v2\/product_tag?post=67506"}],"curies":[{"name":"wp","href":"https:\/\/api.w.org\/{rel}","templated":true}]}}